9 - 92?
1397
In base 11, what is -1229 + -25?
-1253
In base 6, what is 13340 + -11?
13325
In base 12, what is -a + 105b9?
105ab
In base 5, what is -134040004 - 10?
-134040014
In base 2, what is -10 - 111110000101110?
-111110000110000
In base 2, what is 101000101100101 - -10100?
101000101111001
In base 6, what is 2051 - -3204?
5255
In base 14, what is -1 + -34b1?
-34b2
In base 13, what is 135 - -77?
1ac
In base 12, what is -7a + -1741?
-17bb
In base 7, what is 161 + 1064?
1255
In base 5, what is -4 - -133423412?
133423403
In base 10, what is 2970 + 46?
3016
In base 2, what is 10 - 110011000010000111?
-110011000010000101
In base 4, what is 20 + 1321002?
1321022
In base 5, what is -11 + 4030424?
4030413
In base 13, what is -3 - 7051?
-7054
In base 8, what is -2122 + 4?
-2116
In base 5, what is -2 + -12120414?
-12120421
In base 11, what is -64694 + -1?
-64695
In base 16, what is -1 - 4d9c7?
-4d9c8
In base 10, what is -1 - 749209?
-749210
In base 14, what is bc052 + 2?
bc054
In base 9, what is -732 - 725?
-1557
In base 16, what is 11 + 90d8?
90e9
In base 11, what is 295a + 31?
2990
In base 11, what is 32605 + -5?
32600
In base 14, what is -2 - -21609?
21607
In base 6, what is -24121342 - -4?
-24121334
In base 11, what is -808a + 0?
-808a
In base 15, what is 463de - 1?
463dd
In base 13, what is 16b0 - -13?
16c3
In base 6, what is -1 - -533554?
533553
In base 13, what is -33a0 - 18?
-33b8
In base 16, what is -3f + 3d83?
3d44
In base 4, what is -23312000 + 231?
-23311103
In base 4, what is -10301 - 1202?
-12103
In base 15, what is -94a53 - 1?
-94a54
In base 13, what is 5 - -23094?
23099
In base 9, what is 213866 - 1?
213865
In base 7, what is 1545 - 321?
1224
In base 16, what is -2b26 - 9?
-2b2f
In base 11, what is -1246 + -6?
-1251
In base 6, what is 4 + 2034350?
2034354
In base 5, what is 224421414 + -4?
224421410
In base 15, what is 148d2 + 5?
148d7
In base 4, what is -10302 - -311000?
300032
In base 6, what is 2 - -23355331?
23355333
In base 11, what is 496 + 161?
647
In base 6, what is 1511233 - -4?
1511241
In base 11, what is 16 - 175?
-15a
In base 13, what is 2841 - 6?
2838
In base 4, what is -11 - -1213101?
1213030
In base 2, what is -1000011011000110111101 - 1?
-1000011011000110111110
In base 5, what is 10 - 23204?
-23144
In base 7, what is -1 + 32663?
32662
In base 8, what is 4136 + -30?
4106
In base 2, what is -11 - 101100100010110?
-101100100011001
In base 8, what is -370 - 2221?
-2611
In base 11, what is 3 - 32297?
-32294
In base 13, what is 1778 - 35?
1743
In base 4, what is -10 - 10103312?
-10103322
In base 11, what is 334 - 802?
-479
In base 16, what is 3e - 3df2?
-3db4
In base 4, what is -23120 - 23?
-23203
In base 9, what is -1121 + 7?
-1113
In base 14, what is -1249 - 37?
-1282
In base 11, what is 10794 + -3?
10791
In base 15, what is -b6b3 - -2?
-b6b1
In base 2, what is 101 + 110110101011?
110110110000
In base 5, what is -10 - -301132?
301122
In base 5, what is 10 + 330012?
330022
In base 6, what is 22 - 121334?
-121312
In base 12, what is -94619 + -2?
-9461b
In base 9, what is 106 + -428?
-322
In base 4, what is 3 - -230120302?
230120311
In base 5, what is 2242022 - 24?
2241443
In base 12, what is 2952 - 3ba?
2554
In base 15, what is 1625d7 - 0?
1625d7
In base 7, what is 13461 - 64?
13364
In base 6, what is -255405453 + -2?
-255405455
In base 2, what is -100100100111 - -11100101110?
-111111001
In base 12, what is -2361 - -3?
-235a
In base 13, what is -5 - -409c1?
409b9
In base 8, what is -115 + -531?
-646
In base 9, what is -401 - -133?
-257
In base 5, what is 33 + 41224121?
41224204
In base 12, what is -1a03 + 4?
-19bb
In base 6, what is -152450 + 243?
-152203
In base 8, what is -21 + -403716?
-403737
In base 5, what is -21334 + -1214?
-23103
In base 14, what is 1a - 2914?
-28d8
In base 4, what is -20013 - -2?
-20011
In base 4, what is 3312021 - -2?
3312023
In base 11, what is 4 - 99443?
-9943a
In base 3, what is -11 - -1111022200?
1111022112
In base 13, what is -3 - 3124?
-3127
In base 15, what is -60 + -5eb?
-65b
In base 11, what is -297 - -5a12?
5726
In base 12, what is 70361 - -1?
70362
In base 3, what is -212211100 + -1120?
-212212220
In base 14, what is -4025a - -5?
-40255
In base 11, what is 9a93 - -5?
9a98
In base 8, what is -10321 - -177?
-10122
In base 7, what is 15 + -626214?
-626166
In base 4, what is 2012002101 + 3?
2012002110
In base 9, what is 6814 - -104?
7018
In base 8, what is -1 - 17355?
-17356
In base 9, what is 15615 - 144?
15461
In base 7, what is 352 + 4000?
4352
In base 5, what is -113203 + -1?
-113204
In base 12, what is -123 - -211?
aa
In base 13, what is -37 + -2a3?
-30a
In base 15, what is 5be32 - 5?
5be2c
In base 5, what is 31 - 13300?
-13214
In base 2, what is 1111 + 1111101011111000?
1111101100000111
In base 9, what is 1331 - -155?
1486
In base 14, what is -20b - -b2?
-139
In base 16, what is -20 - a639?
-a659
In base 6, what is 4401 + -24?
4333
In base 15, what is -2c - 1a2b2?
-1a2de
In base 2, what is -10001011 - 1100100?
-11101111
In base 8, what is 17153 - 3?
17150
In base 8, what is -1313 + 42?
-1251
In base 7, what is 13 - -444310?
444323
In base 14, what is -1 + 202448?
202447
In base 16, what is 539 + -bf?
47a
In base 16, what is -6bb + -1e?
-6d9
In base 11, what is 2 + 2746?
2748
In base 6, what is 34234 - 52?
34142
In base 10, what is 1264 - -152?
1416
In base 5, what is -203102 - 334?
-203441
In base 2, what is 11100011000 + 1100100?
11101111100
In base 11, what is -202 - -872?
670
In base 13, what is -261 - -734?
4a3
In base 16, what is -53b9 + -86?
-543f
In base 4, what is 12 - 21221223?
-21221211
In base 14, what is -17cd + -9?
-17d8
In base 13, what is -988 + 36?
-952
In base 11, what is 461 - 2863?
-2402
In base 14, what is -289 + a09?
760
In base 6, what is 1325 + -110314?
-104545
In base 13, what is 487 + -1c?
468
In base 12, what is 5 - -986a5?
986aa
In base 13, what is -bc + -46?
-135
In base 15, what is 9788 - 8?
9780
In base 4, what is -1002 + -11013331?
-11020333
In base 13, what is -827 + -47?
-871
In base 2, what is 1011010010001110 + 100?
1011010010010010
In base 6, what is 4545 - 12?
4533
In base 13, what is -136 - 399?
-502
In base 15, what is -7 - -ad3c?
ad35
In base 15, what is -100 + -ae2?
-be2
In base 6, what is 3 - -143510?
143513
In base 16, what is -4c + 6f6?
6aa
In base 3, what is 11002 - -22201?
110210
In base 8, what is 753440 + -3?
753435
In base 14, what is 125538 + 4?
12553c
In base 4, what is 1 - 211232330?
-211232323
In base 15, what is -ae2c - b?
-ae38
In base 12, what is -8 - aa405?
-aa411
In base 13, what is -15 - -1537?
1522
In base 7, what is -6 + -5161246?
-5161255
In base 12, what is -9 - -17b4?
17a7
In base 3, what is 12200210 + -22021?
12101112
In base 16, what is 16 - 67b?
-665
In base 12, what is 0 + 7b343?
7b343
In base 16, what is -5 + ff3?
fee
In base 3, what is -10 + -112122222?
-112200002
In base 7, what is -2 - -412041?
412036
In base 16, what is -3 - -3b18f?
3b18c
In base 13, what is -b04 - -35?
-a9c
In base 9, what is -3241006 + -4?
-3241011
In base 7, what is 2153 - -34?
2220
In base 13, what is 14 + -2b7b?
-2b67
In base 9, what is 225616 + 13?
225630
In base 16, what is 13d4fb - 1?
13d4fa
In base 6, what is -4512250 - 11?
-4512301
In base 3, what is 21210 + -11222?
2211
In base 5, what is 234422 - 320?
234102
In base 6, what is 130314543 + -4?
130314535
In base 7, what is 200 - -12351?
12551
In base 15, what is ad8c - 22?
ad6a
In base 15, what is 152a5 + 0?
152a5
In base 5, what is 2 - 24014040?
-24014033
In base 6, what is 2030 + 102241?
104311
In base 6, what is 23 + 155352?
155415
In base 4, what is 20012 - 22212?
-2200
In base 4, what is 3011 - 313?
2032
In base 4, what is -312222003 + -1?
-312222010
In base 5, what is -1 - 102243?
-102244
In base 9, what is 222355 + 4?
222360
In base 2, what is 101001 + 100010010?
100111011
In base 5, what is -2303 - -322200?
314342
In base 15, what is -2 - 71bbd?
-71bc0
In base 8, what is -1620 + 1627?
7
In base 10, what is 7015 - -240?
7255
In base 12, what is -2 + -6389?
-638b
In base 6, what is 3144404 + 5?
3144413
In base 3, what is 10 + 1111202220210?
1111202220220
In base 11, what is -1 + 8606?
8605
In base 16, what is 28 + 41?
69
In base 5, what is 333122 + 30?
333202
In base 2, what i